{"id":18,"date":"2013-02-13T11:57:38","date_gmt":"2013-02-13T11:57:38","guid":{"rendered":"http:\/\/biblioteka.duszniki.pl\/?page_id=18"},"modified":"2024-04-15T10:49:48","modified_gmt":"2024-04-15T08:49:48","slug":"godziny-otwarcia","status":"publish","type":"page","link":"https:\/\/biblioteka.duszniki.pl\/?page_id=18","title":{"rendered":"Godziny Otwarcia"},"content":{"rendered":"<p>GODZINY OTWARCIA :<\/p>\n<p>poniedzia\u0142ek &#8211; 8:00 &#8211; 16:00<\/p>\n<p>wtorek &#8211; 8:00 &#8211; 16:00<\/p>\n<p>\u015broda &#8211; 10.00 -18.00<\/p>\n<p>czwartek &#8211; 8.00-16.00<\/p>\n<p>pi\u0105tek &#8211; 8.00 &#8211; 16.00<\/p>\n<p>pierwsza i ostatnia sobota miesi\u0105ca &#8211; 10.00 &#8211; 14.00 (zamiast czwartku)<\/p>\n","protected":false},"excerpt":{"rendered":"<p>GODZINY OTWARCIA : poniedzia\u0142ek &#8211; 8:00 &#8211; 16:00 wtorek &#8211; 8:00 &#8211; 16:00 \u015broda &#8211; 10.00 -18.00 czwartek &#8211; 8.00-16.00 pi\u0105tek &#8211; 8.00 &#8211; 16.00 pierwsza i ostatnia sobota miesi\u0105ca &#8211; 10.00 &#8211; 14.00 (zamiast czwartku)<\/p>\n","protected":false},"author":2,"featured_media":0,"parent":0,"menu_order":0,"comment_status":"open","ping_status":"open","template":"","meta":{"footnotes":""},"_links":{"self":[{"href":"https:\/\/biblioteka.duszniki.pl\/index.php?rest_route=\/wp\/v2\/pages\/18"}],"collection":[{"href":"https:\/\/biblioteka.duszniki.pl\/index.php?rest_route=\/wp\/v2\/pages"}],"about":[{"href":"https:\/\/biblioteka.duszniki.pl\/index.php?rest_route=\/wp\/v2\/types\/page"}],"author":[{"embeddable":true,"href":"https:\/\/biblioteka.duszniki.pl\/index.php?rest_route=\/wp\/v2\/users\/2"}],"replies":[{"embeddable":true,"href":"https:\/\/biblioteka.duszniki.pl\/index.php?rest_route=%2Fwp%2Fv2%2Fcomments&post=18"}],"version-history":[{"count":3,"href":"https:\/\/biblioteka.duszniki.pl\/index.php?rest_route=\/wp\/v2\/pages\/18\/revisions"}],"predecessor-version":[{"id":954,"href":"https:\/\/biblioteka.duszniki.pl\/index.php?rest_route=\/wp\/v2\/pages\/18\/revisions\/954"}],"wp:attachment":[{"href":"https:\/\/biblioteka.duszniki.pl\/index.php?rest_route=%2Fwp%2Fv2%2Fmedia&parent=18"}],"curies":[{"name":"wp","href":"https:\/\/api.w.org\/{rel}","templated":true}]}}